e prime factors of 277620748.
2, 31, 151, 14827
List the prime factors of 2355994374.
2, 3, 23, 17072423
What are the prime factors of 96960377?
96960377
What are the prime factors of 188891500?
2, 5, 7, 29, 1861
What are the prime factors of 564096471?
3, 353, 532669
What are the prime factors of 734477978?
2, 13, 31, 233, 3911
What are the prime factors of 256048424?
2, 17, 29, 64921
List the prime factors of 2652672.
2, 3, 11, 157
List the prime factors of 71148862.
2, 35574431
What are the prime factors of 3083638527?
3, 29, 53, 222919
What are the prime factors of 615395353?
31, 19851463
List the prime factors of 325486362.
2, 3, 59, 61, 15073
List the prime factors of 78650092.
2, 17, 53, 139, 157
List the prime factors of 45570335.
5, 317, 28751
List the prime factors of 628113330.
2, 3, 5, 13, 536849
What are the prime factors of 2362229658?
2, 3, 857, 153133
What are the prime factors of 651312268?
2, 211, 771697
What are the prime factors of 202462660?
2, 5, 61, 263, 631
What are the prime factors of 265430352?
2, 3, 11, 281, 1789
What are the prime factors of 1386931667?
11, 691, 182467
List the prime factors of 138606961.
2309, 60029
List the prime factors of 491286640.
2, 5, 13, 472391
What are the prime factors of 784920425?
5, 23, 1365079
What are the prime factors of 303750723?
3, 37, 139, 19687
What are the prime factors of 19703686?
2, 23, 101, 4241
List the prime factors of 179502453.
3, 13, 179, 2857
What are the prime factors of 1491352949?
61, 24448409
What are the prime factors of 4993478174?
2, 131, 19059077
What are the prime factors of 760769681?
7, 373, 291371
List the prime factors of 3968631744.
2, 3, 7, 11, 331, 811
List the prime factors of 4068429940.
2, 5, 203421497
List the prime factors of 5650549370.
2, 5, 29, 659, 29567
List the prime factors of 43961680.
2, 5, 7, 29, 2707
What are the prime factors of 679114568?
2, 11, 19, 406169
List the prime factors of 401167521.
3, 44574169
List the prime factors of 1160075639.
1160075639
What are the prime factors of 4519313?
587, 7699
List the prime factors of 25215644.
2, 563, 11197
List the prime factors of 1236017206.
2, 67, 9224009
What are the prime factors of 144959985?
3, 5, 47, 68539
What are the prime factors of 932380266?
2, 3, 17, 43, 47, 4523
What are the prime factors of 28321445?
5, 31, 73, 2503
What are the prime factors of 8308161?
3, 923129
List the prime factors of 769058872.
2, 397, 242147
What are the prime factors of 66616913?
11, 550553
List the prime factors of 30767732.
2, 7691933
What are the prime factors of 4014119810?
2, 5, 9013, 44537
List the prime factors of 34611910.
2, 5, 1499, 2309
List the prime factors of 221496674.
2, 7, 31, 510361
What are the prime factors of 56143453?
56143453
List the prime factors of 137762170.
2, 5, 7, 13, 47, 3221
List the prime factors of 41887536.
2, 3, 872657
List the prime factors of 302857773.
3, 100952591
List the prime factors of 781592132.
2, 19, 1087, 9461
What are the prime factors of 219528139?
2797, 78487
What are the prime factors of 137924964?
2, 3, 1277083
List the prime factors of 3265705426.
2, 38921, 41953
What are the prime factors of 38540780?
2, 5, 307, 6277
List the prime factors of 120300200.
2, 5, 83, 7247
List the prime factors of 24260006.
2, 12130003
What are the prime factors of 25482062?
2, 31, 411001
List the prime factors of 994573.
31, 32083
List the prime factors of 1262597154.
2, 3, 7, 13, 61, 167, 227
What are the prime factors of 1317230843?
1317230843
What are the prime factors of 1126815983?
67, 103, 269, 607
List the prime factors of 154179129.
3, 13, 19, 47, 233
List the prime factors of 55556478.
2, 3, 3086471
List the prime factors of 3477144267.
3, 19, 2259353
List the prime factors of 177499853.
177499853
List the prime factors of 312968452.
2, 23, 3401831
List the prime factors of 1048427770.
2, 5, 13, 233, 34613
List the prime factors of 17545591.
7, 43, 71, 821
What are the prime factors of 15725681?
997, 15773
List the prime factors of 2008453205.
5, 11, 36517331
List the prime factors of 223002931.
103, 2165077
What are the prime factors of 63349796?
2, 47, 211, 1597
List the prime factors of 1211606006.
2, 13, 23, 41, 49417
List the prime factors of 2874354685.
5, 22159, 25943
What are the prime factors of 134069815?
5, 11, 221603
What are the prime factors of 81540136?
2, 887, 11491
What are the prime factors of 1816625515?
5, 43, 8449421
List the prime factors of 1405896904.
2, 175737113
List the prime factors of 3314097.
3, 368233
What are the prime factors of 5565571696?
2, 331, 1050901
List the prime factors of 142906033.
41, 3485513
List the prime factors of 220870166.
2, 11, 139, 72227
List the prime factors of 143102676.
2, 3, 317, 37619
List the prime factors of 268668011.
719, 373669
What are the prime factors of 3291276212?
2, 7, 117545579
List the prime factors of 353730253.
353730253
List the prime factors of 168492671.
53, 3179107
What are the prime factors of 2174619540?
2, 3, 5, 19, 1907561
What are the prime factors of 8093869?
7, 165181
What are the prime factors of 163421194?
2, 1217, 67141
What are the prime factors of 67877078?
2, 1013, 33503
List the prime factors of 88981624.
2, 113, 257, 383
List the prime factors of 1082507243.
47, 181, 127249
What are the prime factors of 175817572?
2, 7, 83, 75653
List the prime factors of 434505910.
2, 5, 43450591
What are the prime factors of 101494137?
3, 33831379
List the prime factors of 10573002.
2, 3, 11, 67, 797
List the prime factors of 1191544565.
5, 227, 293, 3583
List the prime factors of 1395449748.
2, 3, 7, 11, 31, 5413
List the prime factors of 589518285.
3, 5, 307, 313, 409
List the prime factors of 111885403.
7, 15983629
List the prime factors of 216071700.
2, 3, 5, 13, 17, 3259
What are the prime factors of 40401320?
2, 5, 1010033
What are the prime factors of 913151798?
2, 13, 35121223
List the prime factors of 2387969772.
2, 3, 198997481
List the prime factors of 1751521888.
2, 54735059
List the prime factors of 5568451147.
7, 795493021
What are the prime factors of 47372998?
2, 23686499
List the prime factors of 59344442.
2, 59, 502919
List the prime factors of 2106140536.
2, 773, 340579
What are the prime factors of 347587816?
2, 1087, 39971
List the prime factors of 45112562.
2, 11, 2050571
List the prime factors of 664906991.
7, 94986713
What are the prime factors of 5740434731?
1877, 3058303
What are the prime factors of 66321216?
2, 3, 13, 17, 521
What are the prime factors of 453060683?
47, 9639589
What are the prime factors of 1650755480?
2, 5, 11, 3751717
What are the prime factors of 241141736?
2, 11, 17, 359, 449
What are the prime factors of 365705661?
3, 121901887
What are the prime factors of 2346052035?
3, 5, 2207, 70867
List the prime factors of 34036193.
17, 71, 163, 173
List the prime factors of 112382085.
3, 5, 419, 17881
List the prime factors of 69177724.
2, 7, 11, 224603
What are the prime factors of 1428711?
3, 476237
What are the prime factors of 82573630?
2, 5, 8257363
What are the prime factors of 1478241429?
3, 7, 41, 1716889
What are the prime factors of 186256816?
2, 37, 314623
List the prime factors of 118100384.
2, 311, 11867
What are the prime factors of 700936785?
3, 5, 941, 16553
List the prime factors of 24241080.
2, 3, 5, 23, 8783
What are the prime factors of 54482669?
97, 109, 5153
What are the prime factors of 365801416?
2, 59, 211, 3673
List the prime factors of 3094670068.
2, 7, 19, 47, 17681
What are the prime factors of 146570910?
2, 3, 5, 47, 103951
What are the prime factors of 714075624?
2, 3, 2687, 3691
What are the prime factors of 3607007273?
53, 68056741
What are the prime factors of 126736380?
2, 3, 5, 29, 8093
List the prime factors of 1695208193.
7, 17, 14245447
List the prime factors of 48496261.
11, 101, 43651
List the prime factors of 25808425.
5, 37, 27901
List the prime factors of 271140151.
2647, 102433
List the prime factors of 52213248.
2, 3, 1259
List the prime factors of 1237393208.
2, 653, 236867
What are the prime factors of 8191824252?
2, 3, 233, 241, 12157
List the prime factors of 31555312.
2, 1972207
What are the prime factors of 288544?
2, 71, 127
What are the prime factors of 34473277?
19, 1814383
What a